-5*k. List the prime factors of k.
2, 7
Let d(t) = 65*t**2 + 40*t - 377. What are the prime factors of d(10)?
11, 593
Suppose 43 + 25 = 17*l. What are the prime factors of (1482/l)/(3/4)?
2, 13, 19
Suppose 9*t - 6541 - 2042 = -1923. What are the prime factors of t?
2, 5, 37
Suppose -3*u - 25 = -37. Let r(q) = 158*q - 8. Let n be r(u). Suppose -n = -14*o + 1784. What are the prime factors of o?
2, 43
Let y be (-8112)/(-504) - 2/21. Let s(c) = -c**3 + 17*c**2 + 21*c + 6. What are the prime factors of s(y)?
2, 13, 23
Suppose -3*i + 3008 = -4*z, 4*i - 8*i - 4*z = -3992. What are the prime factors of (i/48 + 1/(-6))*21?
2, 7, 31
Let x be (5/(40/96))/(-1). List the prime factors of (-3)/x*2*1458.
3
Suppose -65*m + 207984 = -138456 + 80785. What are the prime factors of m?
61, 67
Suppose -15 - 7 = -p + 3*y, -3*p + y + 26 = 0. Suppose 3*q + 42 = 5*w, p + 7 = 5*w + 4*q. What are the prime factors of 325/w + (-12)/72?
2, 3
Let r(d) = 18*d**3 - 13*d**2 + 55*d - 17. What are the prime factors of r(5)?
37, 59
Let i = 32756 + -3750. List the prime factors of i.
2, 14503
Let z be (-63)/15 - ((-2)/10)/1. List the prime factors of ((-417)/z)/((-12)/(-48)).
3, 139
Let n = 14 - 9. Let j be (4/1 + 18 + -21)*0. Suppose j = -2*u + u + n, 0 = a + 4*u - 40. List the prime factors of a.
2, 5
Suppose 11*g - 295485 - 216164 + 28265 = 0. List the prime factors of g.
2, 3, 1831
Let s(r) be the second derivative of 0 - 2/3*r**3 + 2*r**2 + 35*r + 1/2*r**4 + 1/20*r**5. What are the prime factors of s(4)?
2, 37
Let j(m) = m**3 - 19*m**2 + 38*m - 23. Let n be j(17). Suppose n = -4*p + 13*p. Suppose p*r + 264 = 9*r. List the prime factors of r.
2, 3, 11
Let p be (43 + -42)/(1/427). Let z = p - -137. What are the prime factors of z?
2, 3, 47
Suppose 3*f = -4*f. Let d be (f - -1) + 33/11. Suppose -3*r = -d*r + 66. List the prime factors of r.
2, 3, 11
What are the prime factors of (-341)/(2 + -7 + (-12)/(-3))?
11, 31
Let q(m) be the first derivative of 1/4*m**4 - 11 + 0*m**2 - 6*m + 8/3*m**3. List the prime factors of q(-4).
2, 29
Suppose -9*x - 82 - 44 = 0. Let u = 17 + x. Suppose 4*o = q + 135, -o - q + u*q = -32. What are the prime factors of o?
2, 17
Let p(a) = 4082*a**3 - 40*a + 41. List the prime factors of p(1).
3, 1361
Suppose g + 4*x + 8 - 7 = 0, -4*g - 32 = 2*x. List the prime factors of ((-6)/g)/((-4)/(-894)).
149
Suppose 37*z - 550904 = -14*z + 80731. What are the prime factors of z?
5, 2477
Let y be (-3 + 2)*1 - -3. Suppose 3*p + 25 = y*j, -p + 2*p - 4*j + 15 = 0. List the prime factors of 70 - (-1 + 1) - (-21)/p.
67
Suppose 6*w - w = -5*z, 0 = 2*w - 4*z. Suppose -5*t - 1511 + 456 = w. What are the prime factors of 4 - (t + 2 - (-2 - 2))?
11, 19
Let q(t) = -t**2 - 107*t + 79. List the prime factors of q(-64).
19, 149
Let x be 909228/(-21) - ((-60)/(-21))/(-5). What are the prime factors of 2/11 + x/(-121)?
2, 179
Let d = -1 - -15. Let y = -398 + 409. Suppose y*w + 144 = d*w. List the prime factors of w.
2, 3
Suppose -3*c - 2 = -8, -29488 = -3*t - 5*c. Suppose -16*r - r = -t. Suppose -6*f - r = -8*f. What are the prime factors of f?
17
Let t = -46 - -50. Let o be 4 + 1*t + (0 - 5). Let m = o + 215. List the prime factors of m.
2, 109
Let z(u) = 164*u**3 + u**2 + 5*u - 5. Let p be 3*(-32)/24 + 6. List the prime factors of z(p).
1321
Let x = 70 + 60. Let z be 25/2*((-14)/10 + 3). Suppose -z + x = b. List the prime factors of b.
2, 5, 11
Suppose 27*g - 29 = -2. List the prime factors of (g/(3/1906))/((-8)/(-12)).
953
Let y be ((-396)/54)/(4/6). Let h(b) = b**2 + 2*b - 21. Let i be h(y). Let q = i - 48. What are the prime factors of q?
2, 3, 5
Let k(v) = -2*v**2 - 8*v + 21. Let d be k(-7). Let f be 3/d + 3 + (-127)/(-7). Suppose -h + 154 = -f. What are the prime factors of h?
5, 7
Let g(a) = -371*a + 5631. What are the prime factors of g(-104)?
5, 37, 239
Suppose 0 = -n + 7*p - 2*p - 65, -4*p = 4*n + 164. What are the prime factors of (-16778)/(-10) + 36/n?
3, 13, 43
Let c be 2*5/(-30)*-30. Suppose c*t = 6*t + 3*b + 843, 0 = -b - 5. What are the prime factors of t?
3, 23
Suppose 42793 = 4*n + 5*g, -204*g + 53485 = 5*n - 199*g. What are the prime factors of n?
2, 3, 11
Suppose 2*p - 28 = d - 2*d, 0 = -3*d + 2*p + 68. Suppose 8*c - 4*r + 32 = 3*c, 0 = 3*c - 4*r + d. List the prime factors of (0 + -4)*1 + 10 - c.
2, 5
Let x = 51 - 47. Suppose x*k = k. Suppose 189 = 4*b - 3*h - 242, 5*h + 25 = k. List the prime factors of b.
2, 13
Let d = 18599 - 8559. Suppose 6*a - 26*a + d = 0. List the prime factors of a.
2, 251
Suppose 13*c + 6168 = 4*l + 9*c, -6184 = -4*l - 4*c. Let w = l + -927. List the prime factors of w.
617
Let a be (-57)/(-21) - ((-16)/(-14))/(-4). Suppose 2*f - a*f - 3*x - 53 = 0, 225 = -4*f + x. List the prime factors of (12/21)/((-8)/f).
2
Let c be ((-4)/(-6))/((-8)/(-1668)). Let t = c + -49. Let l = 162 - t. List the prime factors of l.
2, 3
Let y(m) = m**3 + 14*m**2 - 4*m - 52. Let l be y(-14). Suppose -12*j = -l*r - 9*j + 1970, j + 1475 = 3*r. What are the prime factors of r?
491
Suppose -o - 2*x = 12, -5*o + 2*x - 21 = -x. List the prime factors of 8/(-6) - 206/o.
3, 11
Let v(k) = 3533*k**2 + 16*k - 18. What are the prime factors of v(1)?
3, 11, 107
Let k(v) be the second derivative of v**4/4 + 5*v**3/3 - 23*v**2/2 - 36*v. Let g be k(-11). List the prime factors of g - (0 + 1 + 0).
229
Let a = -17 - -24. Let q(l) be the second derivative of l**4/12 + 5*l**3/3 - 13*l**2/2 + 7*l. List the prime factors of q(a).
2, 53
Suppose 12028 = 39*r - 35*r. What are the prime factors of r?
31, 97
Let y = 712 + 9505. What are the prime factors of y?
17, 601
Suppose 170*g - 169*g = 5. Suppose 0 = 2*n - 4*f - 376, n + g*f = 2*n - 194. What are the prime factors of n?
2, 23
Let u(o) = -3390*o + 1008. What are the prime factors of u(-4)?
2, 3, 607
Let m be ((-160)/(-280))/((-4)/(-14)). Suppose 5*z + 11 = -9. List the prime factors of (m/4)/((-1)/z) + 0.
2
Let v(q) = -111*q + 2884. List the prime factors of v(-58).
2, 59, 79
Suppose -448*r + 460*r - 186468 - 353592 = 0. What are the prime factors of r?
5, 9001
Suppose 128 = 3*s + 74. Let i(u) = 3*u**2 - 42*u - 19. List the prime factors of i(s).
197
Let i = 17 - 11. Let f(p) = 1 + 11 + 14*p - 21. List the prime factors of f(i).
3, 5
Suppose -330025 - 127487 = -156*v + 1096092. What are the prime factors of v?
23, 433
Let k(x) = 450*x**2 - 2*x - 3. Let w(c) = 2*c**3 - 2*c**2 - 2*c + 1. Let r be w(-1). What are the prime factors of k(r)?
449
Let v(g) = g**3 + 3*g**2 - g - 6. Let s(m) = -2*m**3 - 5*m**2 + 2*m + 12. Let k(c) = 6*s(c) + 10*v(c). List the prime factors of k(-3).
2, 3, 5
Let i(n) = -39*n + 93. Let f be i(11). Let j = f - -693. What are the prime factors of j?
3, 7, 17
Suppose 6*x - 4*p - 133698 = 0, p + 1035 = x - 21248. List the prime factors of x.
22283
Suppose 2*h - 4*z = 92880, -5*h - 2*z + 286674 = 54378. What are the prime factors of h?
2, 5807
Let y = -13654 - -19202. List the prime factors of y.
2, 19, 73
Let b be -11*(-7 + 8)*-27. Suppose 0 = 3*h - b - 240. List the prime factors of h.
179
Let y(r) = 262*r**2 + 39*r + 205. List the prime factors of y(-7).
2, 5, 1277
Suppose 0 = -2*k + 2*c + 41968 + 31812, -2*k - 4*c = -73738. List the prime factors of k.
7, 11, 479
List the prime factors of (194 - (3 - 19))*28.
2, 3, 5, 7
Let y(d) = -1813*d + 577. What are the prime factors of y(-11)?
2, 3, 5, 19
Let x(j) = -j**3 + 8*j**2 + 10*j - 7. Let h be x(9). Suppose 3*i = -i - 5*w + 7, -2*w - h = 0. What are the prime factors of 208/12*i - -4?
2, 7
Let b(u) = -8*u**2 + 24 - 21*u + 24*u**2 - 17*u**2. Let w be b(-22). Suppose 2*c - 4*a - 241 = -7, -3*a = -w*c + 232. List the prime factors of c.
113
Let r = -2 - -3. Let i(d) = 3*d. Let w be i(r). Suppose w*h - 4*h + 25 = 0. What are the prime factors of h?
5
Let f = -2979 + 1947. Let k = 2613 + f. What are the prime factors of k?
3, 17, 31
Let b = 3 + -1. Suppose r = 2*r + 2, -b*o - 3*r - 2 = 0. Suppose -v = -2*v - 5*x + 32, -o*x - 106 = -5*v. List the prime factors of v.
2, 11
Let n be (-18)/117 + ((-444)/(-39))/(-4). List the prime factors of (-9)/(-18)*(-7416)/n.
2, 3, 103
Let m = -43 + 63. Let q be 6/15 + 12/m. What are the prime factors of (-343)/(-4) + (-3)/(q + -13)?
2, 43
Let c(k) be the third derivative of -k**6/40 - k**5/12 + k**4/2 + 37*k**3/6 + 40*k**2. L